3)). Let z(f) = -3*f**2 - 8*f - 5. Let d(p) = b*z(p) - 4*y(p). What is d(7)?
-8
Suppose 0 = 3*u - u. Suppose -4*a - 2*w = -14 - u, 5*a - 25 = -5*w. Let o(i) = -2*i**2 + 2*i - 2. Let g be o(a). Let q(r) = -r - 8. What is q(g)?
-2
Suppose 29 + 67 = 6*k. Let i = -10 + k. Let g(v) be the first derivative of -v**2/2 - 5*v + 1. Determine g(i).
-11
Let f(g) = -g**2 - 3*g - 4. Let s(d) = -d**2 - 17*d - 4. Suppose 2*q + 5*q = -119. Let t be s(q). Give f(t).
-8
Let s(w) = -3 + w**2 + 0 + 2. Let p = -89 + 130. Let h = -39 + p. Give s(h).
3
Let o(f) be the first derivative of -f + 47 + 5/2*f**2. What is o(-1)?
-6
Let z(y) = 1 - 7*y**3 + 6*y - 2*y - 2*y. Suppose 7*c - 55 = -62. Give z(c).
6
Let a be 81/15 + (-9)/(-15). Let k(p) be the second derivative of p**4/12 - 7*p**3/6 + 3*p**2/2 + 2*p + 16. What is k(a)?
-3
Let c(z) = -z - 8. Let f(s) = -s + 6. Let u(k) = -c(k) - 4*f(k). Give u(4).
4
Suppose a = -2*a + 6. Let d = 25 - 18. Let s(j) = 4 - 2*j - d + 6. Calculate s(a).
-1
Let v(w) = -w**2 - w + w**2 + w**2. Let f be 1*(5 - 2) - -1. Let g be -3*(30/9 - f). Determine v(g).
2
Let l be 4/((-1)/(-1)) - 11. Let d(m) = -m**3 - 14*m**2 - 14*m - 4. Let h = -9 + 15. Let j(v) = -v**2 - v + 1. Let w(k) = h*j(k) - d(k). Determine w(l).
3
Suppose -1 = 4*j - 9. Suppose -4*t = 2*x - j*t - 2, -3*t - 4 = -4*x. Let f(m) = -14*m**3 + x + 3*m**2 - 4*m + 2*m - 3*m**2 + m**2. Give f(1).
-14
Suppose -5*b + g = 5*g + 33, -2*b + g = 21. Let h(a) = a - 10. What is h(b)?
-19
Let q(f) = f**3 - 12*f**2 + 13*f. Let b = -108 + 102. Let d(n) = -2*n**3 + 23*n**2 - 25*n. Let c(y) = b*d(y) - 11*q(y). Give c(5).
10
Let k(b) be the first derivative of b**5/60 - 2*b**3/3 - 5*b**2/2 + 14. Let z(p) be the second derivative of k(p). What is z(0)?
-4
Let n(o) be the third derivative of -o**4/6 + 17*o**3/6 - 15*o**2 + 2*o. What is n(4)?
1
Let b(t) be the first derivative of t**4/4 - 8*t**3/3 + 3*t**2 - 212. What is b(7)?
-7
Let k be 1*(3 - 5) + 7. Suppose 0*w = -3*r + 5*w - 9, -25 = k*r - 5*w. Let s(d) = -d**3 - 8*d**2 - 2*d + 1. Calculate s(r).
17
Let m = 147 - 136. Suppose -m*s + 4*h = -8*s - 12, -s - 2*h = -14. Let v(k) be the first derivative of -k**4/4 + 3*k**3 - 7*k**2/2 - 9*k - 1. Determine v(s).
-1
Let q(h) = h**3 - h**2 - 2*h + 1. Let m(y) = 4*y**3 - 6*y**2 - 9*y + 2. Let v(x) = -m(x) + 5*q(x). Calculate v(-3).
-12
Let p(h) = 4*h + 3. Suppose 3*q = 49 + 2. Let s(n) = q + 15*n - 3*n + 5*n + 6*n. Let g(v) = 34*p(v) - 6*s(v). Give g(4).
-8
Let q(z) = -4*z**2 + z**2 - 7 + 4*z**2 + 0*z**2 - 4*z. What is q(5)?
-2
Let n be -4 - (4 + 3 + -18 + 7). Let d(i) be the third derivative of 1/24*i**4 + n*i + 1/6*i**3 + 3*i**2 + 0. Give d(-7).
-6
Let u(v) = 4*v**2 + v - 1. Let q be (-10 - -4)/(-36)*(4 - -2). What is u(q)?
4
Let s(z) = 5*z - 243*z**2 + 4 - 242*z**2 + 732*z**2 - 248*z**2 + 2*z. Give s(6).
10
Let x(s) = 3*s - 1. Let f be (-6)/8 + (-518)/56. Let t be 11/5 + 2/f. Give x(t).
5
Let y = 393 + -392. Let x(w) = 8*w**2 + w. Calculate x(y).
9
Let k(s) = -6*s**3 - 2*s**2 - 2*s - 1. Suppose -3 = 4*p + 1. Let q = p + 8. Suppose -4 = -q*f + 11*f. Give k(f).
5
Let l(j) = 4*j**2 + 9*j - 4. Let a(f) = -5*f**2 - 10*f + 3. Let n(v) = -5*a(v) - 6*l(v). Determine n(6).
21
Let f(j) = 8*j**2 - 150*j - 3*j**2 + j**3 + 148*j + 3. Give f(-5).
13
Let p be 2/(-3) + (-140)/(-30). Let t(z) = z - 1 - 5 + 9 - p. What is t(6)?
5
Suppose 15*x - 20*x - 4*m = -3, -2*x = -3*m + 8. Let o(f) = -9*f**2 - 2*f. Determine o(x).
-7
Let q(r) = -r - 2. Let u = -8 - 16. Let m be ((-6)/2)/(u/32). Let y be (m - 2) + 6 + -2. Determine q(y).
-8
Let k be 9/45*10/8*-20. Let u(v) = -v**2 - 6*v - 11. Calculate u(k).
-6
Let b(a) = 0 - 1 - 2 + a**2 + 7*a + 9. Let r = -820 + 813. Give b(r).
6
Let m be 1*4 + (-38 - -37). Let q(a) = -72*a**m + 71*a**3 + 13 - 14*a**2 - 4*a + 5*a**2 + 17*a. What is q(-10)?
-17
Let r(k) be the third derivative of -k**4/6 - 5*k**3/6 + 23*k**2. Let p = 8 - 12. Give r(p).
11
Let r be (10*(-6)/(-45))/(6/9). Suppose 0 = -r*t - 3 - 7. Let f(x) = x**3 + 6*x**2 + 5*x + 5. Determine f(t).
5
Let z(a) = 3*a + 17. Suppose -9*f - 4 = 41. Determine z(f).
2
Let y be (-8 - 54/(-8))*-4. Let i(x) = x + 2. Let r(g) = -6*g - 10. Let t(c) = 11*i(c) + 2*r(c). Give t(y).
-3
Let z(p) = -2*p - 6. Let u be z(-4). Let h = 855 + -853. Let j(x) = -7*x + x**3 + 4*x**2 - 2*x**u + 0*x**3 + 2*x**h - 1. Determine j(-5).
9
Let c(h) = h**3 - 9*h**2 - 10*h. Let g be (0 - (-6)/(-4))*(-160)/30. Suppose -5 = -5*s, -9*a + 13 = -g*a + 3*s. Give c(a).
0
Let h(n) be the second derivative of 1/6*n**4 + 49*n + 1/3*n**3 - 3/2*n**2 + 0. Give h(-3).
9
Let g(f) = f**2 + f - 23. Suppose 4*h + 2*i - 24 = 0, 3*h - 5*i = -6*i + 16. Calculate g(h).
-3
Let z(r) = r - 2. Let s(w) = 2*w + 13. Let b be s(-9). Let p(a) = a - 1. Let q(h) = b*p(h) + 4*z(h). Calculate q(4).
-7
Let j(s) = 2*s**2 + s + 2. Let o be j(0). Let c(q) = -3 - 9 - 6 + 14 + o*q. Calculate c(-3).
-10
Let i(r) = -2*r**2 + 5*r - 7. Let l(c) = -3*c**2 + 10*c - 13. Let d(q) = 5*i(q) - 3*l(q). Give d(-6).
-2
Let h(p) be the first derivative of 2*p + 9*p**2 + 10 + 6*p**2 - 14*p**2. Give h(-5).
-8
Let b(h) be the third derivative of h**5/12 - h**4/24 - 29*h**2. Let j(m) = -2*m - 7. Let d be j(-4). Determine b(d).
4
Suppose -l - 4*a + 5 = 0, 5*a = -2*l + 6*l - 20. Let d(j) = 30 - j**2 - 4*j + l*j - 31. Calculate d(-2).
-7
Let c(v) = v**3 - 4*v**2 + v + 3. Let l(r) = r**2 - 16*r + 22. Let p be l(15). Let t = p + -14. Let f be (-23)/t + (-4)/14. Calculate c(f).
-3
Let b(c) = -c. Let n(j) = -j**2 + 3*j - 7. Let s(t) = -4*b(t) + n(t). Determine s(4).
5
Suppose -3*a + 3*j = -15, -a + j = 2*j + 1. Let k(u) = -1 + a*u + 3*u - 9*u. Calculate k(-2).
7
Let c = 44 + -44. Let w(a) = c - 2 + 3*a + 0 + 3. Give w(4).
13
Let m(k) = -13*k + 2. Let h(d) = -35*d + 8. Let p(i) = 4*h(i) - 11*m(i). Determine p(-7).
-11
Let v(c) = -6*c**3 + c**2. Suppose -k - 81 = -25. Let j = k - -57. Calculate v(j).
-5
Let o(n) = -9*n**2 + 5*n - 3*n - 7*n**2 + 1 - n. Determine o(-1).
-16
Let f be (1 - (-5)/10)*16/3. Let z(i) = -i**2 + 8*i - 7. Determine z(f).
-7
Let r(d) = 15*d - 222. Let c(b) = -3*b + 46. Let l(g) = -29*c(g) - 6*r(g). Let p be ((-2)/4)/((-1)/(-12)). Give l(p).
16
Let m(o) be the second derivative of -o**4/12 + o**3/3 + o**2 + 4*o. Let a = 64 + -60. Determine m(a).
-6
Let j(k) = 46 - 18 - k**2 - 13*k + 5. Give j(-15).
3
Let w(z) = 3*z + 2. Let o(r) = r. Let x(p) = -4*o(p) + w(p). Let u = 57 + -52. Suppose 0*f - 5*c = -f - 20, 4*f - u*c = -35. Determine x(f).
7
Let x(c) be the first derivative of -1/4*c**4 - 9*c + 1/3*c**3 + 0*c**2 + 2. Let t = -113 - -113. What is x(t)?
-9
Let j(b) = b**3 - 5*b**2 + 3*b - 4. Let k(o) = -11*o + 126. Let r be k(11). Determine j(r).
11
Let q = -160 - -157. Let k(w) = -3*w**2 + w - 1. Calculate k(q).
-31
Let a be (-63)/(-15)*1 + (-5)/25. Let u(c) = 4*c - 4. Give u(a).
12
Let s be 8 + ((-10 - 6)/(-2))/(-1). Let p(r) = -r**3 - r**2 - 16. Give p(s).
-16
Let w(q) = -389 - q + 771 - 380. Give w(3).
-1
Suppose -10*h + 17*h = 7. Let i = -6 - -12. Let w(l) = -l - 1 + h + 1 - i. What is w(-6)?
1
Let a(q) = -2*q**2 + 2*q + 2. Suppose 0 = 2*j - 4*j - 8. Let n(m) = 2*m + 12. Let k be n(j). Suppose 4*t + 2*x + 3 = 9, 0 = -k*t - 4*x. What is a(t)?
-10
Let y(u) = -u**3 + 2*u**2 + 3*u + 2. Let v(o) = o. Let h(x) = x + 0*x**2 - 2*x - x**2 - 7 + 6*x. Let t(n) = h(n) + v(n). Let d be t(5). Calculate y(d).
12
Suppose -36*l - 18 = -30*l. Let k(a) = -3*a**2 - 3*a - 1. Calculate k(l).
-19
Let n be (2/4)/(4/8). Let w(r) = 7 + 2*r + 2*r**3 + 4 - 12. Give w(n).
3
Let g = 33 - 22. Let h(t) = -8*t + 6*t - g + 2. Give h(-9).
9
Let r(k) be the second derivative of -k**5/120 - k**4/12 + k**3/6 + 18*k. Let p(s) be the second derivative of r(s). Determine p(-5).
3
Let p(x) = -10*x + 228. Let v be p(23). Let j(n) = -n**2 - 7*n - 5. Give j(v).
5
Let b(i) = -i - 2. Let d(n) = n**2 - 12*n - 12. Let a(f) = 3*b(f) - d(f). Calculate a(9).
6
Let a(r) be the first derivative of -1/30*r**5 + 0*r + 1 - 1/24*r**4 - 1/120*r**6 - 2*r**2 + 1/6*r**3. Let b(s) be the second derivative of a(s). What is b(-2)?
3
Suppose -2*w - 3*l + 13 = 0, -w - 3*l = -23 + 9. Let x be (-1 - w - 1)*5. Let j be 3/x - (-22)/(-55). Let q(z) = 7*z - 1. Give q(j).
-8
Suppose -4*n + 20 = -8*n + j, 5*n - 3*j + 25 = 0. Let a(l) = 2*l**2 + 13*l - 11. Let g(q) = 3*q**2 + 25*q - 21